Let l(a) = 8*a + 11. Let g be l(23). What is the highest common factor of g and 39?
39
Let i = -20 - -28. Let n(l) = -2*l + 1. Let v be n(-1). Let y(o) = 10*o**2 - 2. Let u be y(v). Calculate the greatest common factor of u and i.
8
Let h = -7 - -3. Let t be 3/(-12)*(0 + h). Let n be 60/4 + t/1. What is the greatest common factor of 40 and n?
8
Suppose 0 = 5*f - 3*l - 98, -5 - 1 = -f + 4*l. Let p be 2 - (-21 + -1) - 2. What is the greatest common divisor of p and f?
22
Let c = -91 + 106. Let m be (-603)/5 - (-6)/(-15). Let j = m + 181. What is the highest common factor of j and c?
15
Suppose -39 - 41 = -5*d. Calculate the greatest common factor of 2 and d.
2
Let c(s) = 2*s**2 + 2 + 2 - 4*s - s. Let t be 6/(-30) - (-21)/5. Let p be c(t). Calculate the greatest common factor of 32 and p.
16
Let u = 7 + -5. Suppose -3*a + u*l = -2*a - 7, a - 3*l - 12 = 0. Let s = 18 + a. What is the greatest common factor of 60 and s?
15
Let p(k) = -14*k + 4. Let u be p(5). Let j = u - -187. Calculate the greatest common factor of 11 and j.
11
Let u be (-1)/(2/(-30)*1). Let h be (-4)/((-16)/(-1))*220/(-11). Calculate the greatest common factor of u and h.
5
Suppose -792*k + 786*k = -540. Let g be (-10)/(2 - (-14)/(-6)). What is the highest common divisor of k and g?
30
Let a(g) = -6*g - 3. Let i be a(-4). Suppose -z - z + 14 = 0. Calculate the highest common divisor of z and i.
7
Let f(u) = -u**3 - 2*u**2 - u + 4. Let c be f(-3). Let y be -3 + -6 + (0 - 0). Let r be 4/6 + (-30)/y. Calculate the greatest common factor of c and r.
4
Suppose -2*a + 8 = -0*a. Suppose 4*c = 12, 2*v + 0*v - 4*c - 20 = 0. Calculate the highest common factor of a and v.
4
Suppose 10*d = 5*d + 225. Let b = 21 - 6. Calculate the highest common factor of b and d.
15
Let n(h) = -12*h + 13. Let z = 1 + -7. Let c be n(z). What is the highest common divisor of 17 and c?
17
Let z(y) = y + 13. Let v be z(-7). Let m be 4 + -1 + (-1)/1. Let c be (-17)/(-3)*m*v. What is the greatest common divisor of 17 and c?
17
Let o(a) = -a**2 + 11*a + 5. Let m be o(11). Suppose 3*f = m*f - 126. Suppose -2*p + 5 = -9. Calculate the highest common divisor of f and p.
7
Suppose -w - 4*w - 10 = 0. Let l be (-41)/w + (-2)/4. Calculate the highest common divisor of 20 and l.
20
Let n be 234/14 + 4/14. Suppose -a - 2*u = 3*u - 17, 2*u = 0. Calculate the greatest common divisor of n and a.
17
Suppose 4*b - 85 = -b. Let d be (-8)/68 - (-9543)/51. What is the greatest common factor of b and d?
17
Let h(y) = -8*y + 7. Let f(b) = b**2 + 8*b. Let o be f(-8). Let r be o + -2 + 0 + -5. Let q be h(r). Calculate the highest common divisor of q and 9.
9
Let f = 33 + -17. Let r = f + -3. Let c(l) = l**3 + 143. Let a be c(0). Calculate the highest common factor of r and a.
13
Suppose 0*b - 3*m = 3*b - 444, 5 = -5*m. Let q = -77 + b. Calculate the highest common divisor of q and 8.
8
Let j = 3 - 2. What is the highest common divisor of 23 and j?
1
Suppose 4*b - 15 - 33 = 0. Suppose -6*v + b = -3*v. Let t(h) = h**2 - 2*h + 3. Let y be t(v). What is the highest common factor of y and 22?
11
Suppose -4*z - 8 = -5*y, -3*y + 3*z - z = -6. What is the greatest common divisor of 24 and y?
4
Suppose 0*u - 2*a = u - 6, 4*a - 12 = 4*u. Suppose 0*d + 3*i = 4*d - 166, u = -3*d - 5*i + 110. What is the highest common factor of 10 and d?
10
Suppose -93 = -3*v - 3. Let b = 2 - -1. Suppose -b*k + 6 = -2*k. Calculate the highest common divisor of k and v.
6
Suppose 16 = 2*t - k - 47, 0 = -4*t + 5*k + 117. What is the highest common divisor of 3 and t?
3
Let y(i) = -i**2 - i + 10. Let o be y(0). Let j be 39/15 - (-4)/o. Calculate the highest common factor of 9 and j.
3
Let z(g) = 6*g - 1. Let k(n) = -n - 2. Let x be k(-3). Let l be 0 + -2 + x - -2. Let q be z(l). Calculate the highest common divisor of q and 5.
5
Suppose z + 1 = -4*g - 4, -4*g - 15 = 3*z. Let x = z - -21. Calculate the highest common factor of x and 176.
16
Suppose c + c - 10 = 0. Let w = 7 + c. What is the highest common divisor of 18 and w?
6
Suppose 0 = -3*z + 51 + 3. What is the highest common factor of z and 54?
18
Let n(b) = -b**3 - 13*b**2 + 12*b + 27. Let u be n(-15). Calculate the greatest common divisor of u and 27.
27
Let m = -77 - -93. Calculate the highest common divisor of 80 and m.
16
Suppose -4*b + 155 = 5*r, -4*r = -3*b - 45 - 48. Calculate the greatest common divisor of 18 and r.
9
Let a = -39 - -51. Calculate the highest common divisor of a and 84.
12
Let k(g) = -g**3 + g**2 + 2. Let d be k(0). Let v be (-21)/(-14)*d*21. Calculate the highest common factor of v and 7.
7
Suppose 7*f - 14 = 21. What is the highest common factor of 40 and f?
5
Suppose 9*o - 164 = 556. What is the greatest common divisor of 5 and o?
5
Let y be (-388)/(-6) + (-18)/27. Suppose 5*z + 43 - 124 = -w, -53 = -3*z - 5*w. What is the highest common factor of y and z?
16
Suppose 2*s - 3*a - 113 = -2*s, -2*s = -a - 57. Calculate the greatest common factor of 116 and s.
29
Let a be -2*1/(-4)*8. Let n(x) = x**3 + 5*x**2 + x + 15. Let r be n(-5). Calculate the highest common divisor of r and a.
2
Suppose h + 2*g = -7, -4*g + 0 - 16 = 0. What is the greatest common factor of h and 6?
1
Let p(y) = y**3 + 7*y**2 + 2*y. Let b be p(-5). Let c = 56 - 40. Calculate the highest common divisor of c and b.
8
Let y = 58 - -54. What is the highest common divisor of y and 16?
16
Let q(u) = -u**2 + 6*u + 4. Suppose 3*r + 12 = 3*c, r = -3*c + 3*r + 14. Let d be q(c). Calculate the highest common factor of 10 and d.
2
Suppose 11*y = 10*y + 11. What is the highest common factor of y and 11?
11
Let y(a) = -a**3 - 11*a**2 + 9*a - 6. Let u be y(-12). Calculate the highest common divisor of 10 and u.
10
Let b(d) = d**3 + 5*d**2 - 6*d - 10. Let u be b(-5). Calculate the highest common divisor of u and 30.
10
Suppose 0 = q - 5*p - 57, p - 4 = -1. Let u = 43 - 35. What is the highest common factor of u and q?
8
Let b = 8 - 6. Let w be (-4)/((0 - b)/2). Let u(q) = -q**3 - 6*q**2 - 7*q + 2. Let k be u(-5). What is the highest common divisor of k and w?
4
Let v(i) = 24*i**2 + 2*i + 1. Let b be v(-1). Let k = b - 4. What is the highest common factor of k and 171?
19
Let p be ((-1615)/(-15))/(5/15). Calculate the highest common divisor of 17 and p.
17
Let q = -18 + 29. Let p(u) = 2*u - 13. Let j be p(q). Calculate the highest common factor of j and 81.
9
Let b(c) = 4*c - 5. Let q be b(6). Let z = -83 + 254. Calculate the greatest common factor of z and q.
19
Suppose 2*t + 7 - 79 = 0. Let r = 23 + -14. Calculate the greatest common divisor of t and r.
9
Let t be 3/2*(-18)/3. Let l be 0/(-1) - t/3. Calculate the greatest common divisor of 24 and l.
3
Let p = 34 + -17. Suppose 31 = 3*v - 5*m, 4*v - 83 = 3*m - 27. Calculate the highest common factor of p and v.
17
Suppose a = 5*a - 80. Suppose -15 = 4*v + 29. Let b = a + v. What is the highest common divisor of 45 and b?
9
Let f be (-4)/(-5)*(-225)/(-18). Calculate the highest common factor of f and 40.
10
Let d(l) = -337*l**2 + 2. Let v be d(2). Let b be v/(-18) + (-2)/(-9). What is the greatest common divisor of 15 and b?
15
Let d(o) = -o**2 + 11*o + 1. Let c be d(10). Let q(b) = -b**3 + 11*b**2 + b - 10. Let z be q(11). What is the greatest common factor of z and c?
1
Suppose 6*q = -6*q + 144. Calculate the greatest common divisor of 96 and q.
12
Let i = 4 + -2. Suppose -5*f = -4*z - 130, i*f - z = -2*f + 93. What is the greatest common factor of f and 154?
22
Suppose -4*a + 0*s - 4*s - 8 = 0, 18 = a - 4*s. Suppose -18 - 76 = -3*h + a*y, 2*y - 34 = -h. What is the highest common divisor of h and 4?
4
Let t be -6*(9/6 + -3 - 0). Let f(c) = -c**3 + 5*c**2 - 5*c + 3. Let h be f(3). What is the greatest common factor of t and h?
3
Suppose 4*y = y + 5*k - 19, 0 = 3*y + 3*k - 21. Let g be (-105)/(-3) - (2 - y). Calculate the greatest common factor of g and 14.
7
Let t be (0 + -2)/2 + 6. What is the highest common divisor of 25 and t?
5
Let l be (-38 - 0)/(-2) + (-2)/(-2). Calculate the highest common divisor of 20 and l.
20
Let h(i) = i**2 - 6*i + 4. Let y be h(6). Suppose y*c = 50 + 106. Let g = 3 + 10. What is the greatest common divisor of c and g?
13
Let d = 14 - 11. Suppose 0 = -l + d*h + 2, -24 = -5*l + h - 0*h. What is the highest common factor of l and 35?
5
Let k(n) = -n